or of 282111 and 54471?
813
Calculate the greatest common factor of 25 and 582764525.
25
What is the greatest common divisor of 1 and 40082072?
1
What is the greatest common divisor of 606547 and 617181?
409
What is the highest common factor of 15140 and 6046916?
3028
Calculate the highest common factor of 42 and 259424124.
6
Calculate the highest common divisor of 28932429 and 1117824.
8733
Calculate the highest common factor of 5503498 and 154.
154
What is the greatest common factor of 6960 and 7010160?
240
What is the greatest common divisor of 217358 and 607762?
382
What is the highest common factor of 275719112 and 11632?
5816
What is the highest common divisor of 1566 and 7862346?
54
What is the highest common divisor of 2834 and 844003459?
1417
What is the highest common factor of 550114263 and 18?
9
What is the greatest common factor of 85530 and 28140?
30
What is the greatest common factor of 50010 and 54060?
30
Calculate the highest common factor of 486 and 38814.
6
What is the highest common divisor of 805396 and 27240?
908
What is the highest common factor of 69212 and 934?
2
What is the greatest common divisor of 58540 and 276?
4
What is the highest common divisor of 600 and 68326572?
12
What is the highest common factor of 4400909 and 10873?
83
What is the greatest common factor of 36 and 50340678?
6
What is the highest common divisor of 3768935 and 28615?
485
What is the greatest common divisor of 133024 and 2080?
32
Calculate the highest common divisor of 319233860 and 22.
22
Calculate the highest common divisor of 88028 and 34316.
1492
Calculate the greatest common divisor of 1099154800 and 3347.
3347
Calculate the highest common divisor of 26 and 32802263.
13
Calculate the greatest common factor of 15576 and 148236.
132
Calculate the greatest common factor of 18723 and 1613654.
79
Calculate the highest common factor of 2772 and 9830007.
99
What is the greatest common factor of 22477116 and 12?
12
Calculate the greatest common factor of 410 and 3325710.
10
What is the highest common factor of 2510 and 15836594?
502
Calculate the greatest common factor of 2873 and 132515.
17
What is the highest common factor of 772568 and 109854?
718
What is the greatest common divisor of 5644 and 14513444?
68
What is the highest common factor of 2323675 and 24600?
1025
Calculate the highest common divisor of 73263 and 60.
3
What is the highest common divisor of 26 and 456279122?
26
What is the highest common divisor of 3940 and 12340840?
20
Calculate the highest common divisor of 536 and 213660588.
268
Calculate the greatest common divisor of 237158988 and 660.
132
Calculate the greatest common factor of 234061 and 4012819.
2413
Calculate the greatest common divisor of 80236557 and 9603.
873
Calculate the highest common divisor of 26368485 and 65.
65
Calculate the greatest common divisor of 13629 and 8690346.
1239
Calculate the greatest common factor of 1688 and 6821630.
422
What is the greatest common divisor of 5967 and 8354463?
663
Calculate the greatest common divisor of 7835323 and 24829.
3547
Calculate the greatest common factor of 57 and 219417.
3
What is the greatest common divisor of 13986047 and 299?
23
Calculate the highest common divisor of 28 and 9922871.
7
Calculate the greatest common divisor of 1558355 and 9082395.
6865
What is the greatest common factor of 50162 and 15274?
14
Calculate the greatest common divisor of 6438 and 16000576.
2146
Calculate the highest common divisor of 2319528 and 632.
8
What is the highest common divisor of 3287 and 1951267?
173
What is the greatest common factor of 77716280 and 148?
148
Calculate the greatest common divisor of 9817146 and 198.
18
What is the highest common divisor of 286600 and 472?
8
Calculate the greatest common divisor of 23498 and 40951.
31
Calculate the greatest common divisor of 4055 and 82995307.
811
What is the greatest common factor of 17991944 and 5988?
1996
Calculate the highest common factor of 28300 and 213500.
100
What is the greatest common factor of 3624 and 1692861?
453
What is the highest common divisor of 152692 and 11106402?
1294
What is the greatest common divisor of 63471405 and 705?
15
What is the greatest common factor of 60708270 and 2760?
690
What is the highest common factor of 9385281 and 96255?
837
Calculate the highest common divisor of 106236550 and 39256.
9814
What is the highest common divisor of 8685680 and 320?
80
Calculate the greatest common factor of 7275 and 3110550.
75
Calculate the highest common factor of 50241678 and 5116.
2558
What is the highest common factor of 5081607 and 38?
19
What is the highest common divisor of 15342290 and 27722?
334
What is the highest common divisor of 4427934 and 147?
147
Calculate the highest common divisor of 257569 and 6175.
13
Calculate the highest common factor of 12339 and 8226.
4113
Calculate the greatest common divisor of 1201834 and 52429.
4033
What is the greatest common factor of 139231 and 30317?
71
Calculate the greatest common divisor of 46501 and 4606154.
511
What is the highest common divisor of 25 and 103832095?
5
Calculate the greatest common divisor of 3427 and 31142.
23
What is the highest common factor of 2844330 and 250?
10
What is the highest common divisor of 125766900 and 9450?
3150
Calculate the greatest common divisor of 3802 and 73475551.
1901
What is the greatest common divisor of 3670 and 79186856?
734
Calculate the highest common factor of 805132 and 1458302.
2666
What is the highest common factor of 313984 and 13644?
4
What is the highest common divisor of 36 and 975028?
4
Calculate the highest common divisor of 23791971 and 21.
21
What is the greatest common factor of 1040 and 1883219?
13
What is the highest common divisor of 166061 and 13916?
49
What is the highest common divisor of 5176 and 150274808?
5176
Calculate the highest common divisor of 84011202 and 1386.
198
Calculate the greatest common divisor of 77 and 2627097.
11
Calculate the greatest common divisor of 16443 and 443178.
783
Calculate the highest common divisor of 89239 and 90388.
383
Calculate the greatest common factor of 3114 and 32340966.
1038
What is the greatest common divisor of 196 and 6772108?
28
Calculate the greatest common divisor of 264 and 3013692.
132
Calculate the greatest common divisor of 1310 and 3836335.
655
Calculate the highest common divisor of 1809 and 382972.
67
What is the greatest common divisor of 1953184 and 108?
4
Calculate the highest common factor of 90 and 28343010.
30
Calculate the greatest common factor of 40339 and 3016.
377
Calculate the greatest common factor of 2735 and 910000.
5
Calculate the greatest common divisor of 3287 and 3100506.
173
Calculate the highest common divisor of 10685160 and 98088.
1608
What is the greatest common divisor of 305715 and 53400?
1335
Calculate the highest common factor of 11546 and 31602.
46
What is the greatest common factor of 1022919 and 69?
3
Calculate the greatest common divisor of 37600657 and 1.
1
Calculate the highest common factor of 3221797470 and 30.
30
What is the greatest common divisor of 665 and 4415005?
35
What is the greatest common factor of 1170722 and 4522?
238
What is the greatest common divisor of 411475 and 1850?
25
What is the highest common factor of 2128 and 35140994?
266
What is the highest common divisor of 943 and 5204417?
943
Calculate the highest common factor of 88611677 and 3482.
1741
What is the highest common factor of 4706208 and 972?
108
What is the highest common divisor of 478100 and 2333450?
350
Calculate the highest common divisor of 2439 and 62612111.
271
What is the highest common factor of 249952 and 592352?
3424
What is the greatest common divisor of 153620372 and 4?
4
Calculate the greatest common divisor of 36 and 22365324.
36
Calculate the highest common divisor of 4758 and 331.
1
What is the greatest common factor of 8228 and 29751964?
484
What is the greatest common divisor of 420061980 and 390?
390
What is the highest common factor of 6519942 and 108273?
561
What is the highest common factor of 890204 and 44?
4
What is the greatest common divisor of 1143 and 115877213?
127
Calculate the greatest common factor of 6355 and 2215435.
205
What is the highest common factor of 2920 and 3046932